30*p - 16*p. What is the greatest common factor of s and p?
10
Let d(x) = 4*x**3 + 4*x**2 - 35*x + 19. Let c be d(3). What is the greatest common factor of 10991 and c?
29
Suppose 224*v - 784 = 210*v. What is the greatest common divisor of v and 1688?
8
Let v = -1515 - -2843. Let y be v/64 + 3/12. Calculate the greatest common factor of y and 14.
7
Suppose 26*o - 6825 = -53*o + 40*o. What is the greatest common factor of 10115 and o?
35
Let z(a) = -10*a**2 - 276*a - 90. Let v be z(-27). Let g = 85 - -41. What is the highest common factor of g and v?
18
Suppose -2*v = o - 418, 4*v - 3*o - 435 = 411. Let n be (v - 60)*1/3. What is the highest common divisor of n and 10?
10
Let h(p) = -3*p**2 + 19*p - 5. Let m = 17 - 11. Let r be h(m). Let v be 1305/5 - (r + -1). Calculate the greatest common divisor of 29 and v.
29
Suppose -52 = -11*r + 3. Let o be 0 + -2 + (107 + r)/2. Suppose 19*g - o = 13*g. Calculate the greatest common divisor of g and 18.
9
Let s be (-4326)/(-8)*((-1568)/24)/(-7). Calculate the highest common divisor of s and 14.
7
Suppose -4*l - 910 = -17*l. Suppose -72*s + l*s = -116. What is the greatest common divisor of 261 and s?
29
Suppose 5*n - 481 = 4*h, -15 + 107 = n - 5*h. Let v = n - 92. Suppose g - 204 = -v*w, -113 = -3*w - 4*g + 23. What is the highest common divisor of w and 440?
40
Let f be 6*2/6 + 248. Suppose 0 = 5*h + 5*d - f, 2*h - 3*d - 282 = -3*h. Let y(j) = j - 3. Let l be y(9). What is the greatest common factor of l and h?
6
Let f = 1259 + -1247. Let a(b) = -b**3 - 17*b**2 + 6. Let t be a(-17). What is the highest common factor of t and f?
6
Let v = 10 - 10. Suppose 3*t = 5*u + 13, -9 = -v*t + t + 5*u. Let l be -10*(-4 - t/(-1)). What is the highest common factor of l and 20?
10
Suppose 3*w - 12*w = -153. Suppose 12*v = w*v - 255. What is the highest common factor of v and 204?
51
Suppose -5*x + 81 = -309. Let h be (-35)/(-1) + -1*2. Let v = x - h. What is the greatest common factor of v and 9?
9
Let p(d) = -d**3 - d**2 - 3*d + 4. Let a be p(-4). Suppose -84 = -4*v + a. Let y = v - 27. Calculate the greatest common factor of y and 25.
5
Suppose -4*k - 3*g + 23499 = 0, -7*g + 23497 = 4*k - 6*g. Calculate the greatest common factor of k and 132.
66
Let i(f) = f**3 + 17*f**2 - 86*f + 6. Let b be i(-21). Suppose 0*u + u - 63 = -5*x, 0 = 4*x + 2*u - b. What is the highest common divisor of x and 195?
13
Suppose -2*t + 35 = -77. Suppose t = q + 4*o, -5*q - o = -0*o - 204. Let x = 272 - 264. Calculate the highest common factor of x and q.
8
Let l(r) = -r**3 + 2*r + 2. Let w be l(-2). Let t be 42/28 + (1 - (-33)/6 - 2). What is the highest common divisor of t and w?
6
Suppose 7*z + 208 = 3*z. Let s = 76 + z. Calculate the greatest common divisor of 384 and s.
24
Suppose 0*t - 3*t + 24 = 0. Suppose 0 = -3*b - 819 - 210. Let o = b + 359. Calculate the greatest common divisor of t and o.
8
Suppose -101*x + 105*x = -80. Let l be (245/x - -5)/((-3)/12). What is the greatest common divisor of l and 58?
29
Suppose -3*s + 81034 = 19*s - 27866. What is the highest common divisor of s and 1386?
198
Suppose -n - 1737 = -2*j, -6*n - 142 = -124. What is the greatest common divisor of j and 2312?
289
Let d = 71 - -90. Let w be (7 + -1)/(46/d). Suppose -2*r - 256 = -3*z, 3*z + 2*r - 201 = 47. Calculate the highest common divisor of w and z.
21
Let b(q) = 4*q**2 - 23*q - 112. Let u(z) = -z**2. Let n(x) = b(x) + 5*u(x). Let m be n(-8). What is the greatest common factor of m and 88?
8
Suppose -4*d = 4*n - 620, -2*n - 51*d + 52*d + 298 = 0. Calculate the highest common factor of n and 3.
1
Let u(z) = -3*z**2 + 53*z - 70. Let w be u(21). Let v = w + 286. What is the greatest common factor of v and 14?
2
Let l be (13 - 153)*(-1)/(-2). Let x = l - -168. Let y = x - 93. What is the highest common divisor of y and 1?
1
Let r be (-1556)/(-14) - (-5 + 344/56). Calculate the greatest common divisor of 1474 and r.
22
Let l(v) = 6*v**2 + 2*v - 16. Let f be l(4). Suppose c - x - f = 0, 4*x + 76 = 3*c - 192. Calculate the greatest common factor of 12 and c.
12
Suppose -32*u + 6065 + 739 = -6348. What is the highest common factor of u and 6?
3
Suppose -3313 - 347 = 15*q. Let x = 382 + q. Calculate the highest common divisor of x and 322.
46
Let p be (-652)/(-18) - (-8)/(-36). Let i = 101125 + -100081. What is the highest common factor of p and i?
36
Suppose 2*k + 2*k - 36 = 0. Let s be (8/(-3))/(8/(-18)). What is the highest common factor of k and s?
3
Let n(j) = 46*j - 78. Let a be n(18). Suppose -a = -10*w + 4*w. What is the highest common factor of w and 25?
25
Let p be (-4)/(-6)*1926/12. Suppose n - 19 = p. What is the greatest common factor of n and 189?
63
Let v = -61877 - -61893. Let l = -236 + 340. What is the greatest common divisor of v and l?
8
Let x(m) = m**3 - 21*m**2 - m + 22. Let k be x(21). Let h be k + 1 + 458/2. Calculate the highest common factor of h and 21.
21
Suppose 0 = -124*y - 219*y + 247975 + 557389. What is the highest common divisor of 4 and y?
4
Suppose -2*y + 4*y - 287 = -5*w, 61 = w + y. Calculate the highest common divisor of w and 715.
55
Let o(y) = -2*y**2 - 86*y + 160. Let a be o(-26). Calculate the greatest common factor of 180 and a.
36
Let z be 3/18 - (17 - (-2142)/(-108)). Suppose g - 8 = -g. What is the highest common divisor of g and z?
1
Suppose 4*b = -h + 26, 2*h + 3*b = 5*b + 22. Let y = -46 - -15. Let c be (1 - 7)/(6 - 4) - y. What is the highest common divisor of h and c?
14
Suppose -9 = l - 14. Let f be ((-115)/(-20) - l) + (-717)/(-4). Suppose 6*z + f = 9*z. What is the greatest common factor of 12 and z?
12
Let i be 18/(-16 + (-860)/(-50)). Calculate the highest common divisor of 19515 and i.
15
Suppose 3*j - 351 = -3*n, 2*n + 6 = -0*n. Suppose r = o + 101, -410*r + 415*r - 517 = 2*o. What is the highest common factor of r and j?
15
Let b be 28/8*(0 - (-40)/35). Suppose 2*t + 3 = -t + y, -3*t + 12 = b*y. Let s be (t/8)/(-4) - 1/(-1). Calculate the greatest common divisor of 2 and s.
1
Let x = -72 + 76. Let c be (6 - x/1)*4. What is the greatest common factor of 2 and c?
2
Let l = 60331 + -40967. Calculate the highest common factor of l and 47.
47
Suppose 17*z + 121 - 699 = 0. What is the greatest common factor of 1683 and z?
17
Suppose -3*n = -4*r + 2*r + 144, -5*n = -30. Calculate the highest common divisor of 6 and r.
3
Let n = 51 - -76. Let g = n - 63. Let u = g - 48. What is the greatest common divisor of 112 and u?
16
Let j = 101025 + -100445. Let g = 8 + 32. Calculate the highest common factor of g and j.
20
Suppose -381 = -3*x + 4*y, 400 = 5*x - 2*y - 249. Let k = x - 35. What is the greatest common divisor of 18 and k?
6
Let i = -124 - -141. Suppose -2*f - u = -25, 0 = f + 4*u - 13 - i. Suppose 0 = 4*j - 9*j - 10, -j = 2*y - f. What is the highest common divisor of y and 6?
6
Suppose 0*i - 1502 = 2*o + i, 3004 = -4*o + 3*i. Let a = o - -855. Let b be 2/(1 + (-387)/390). Calculate the greatest common divisor of b and a.
52
Suppose -58*u = 82*u - 1994 - 246. What is the greatest common divisor of 2312 and u?
8
Let x be 1*-6*(-60 + 7). Suppose -2*v - 27*k + 25*k + x = 0, 0 = -3*v - 5*k + 485. Calculate the highest common divisor of v and 5.
5
Let c(s) = 3*s**3 - 120*s**2 + 802*s + 2. Let i be c(7). What is the greatest common divisor of 3195 and i?
45
Let n(u) = 3*u**2 + 109*u - 70. Let d be n(-37). Suppose -233 = -5*b + d*z, -110*z - 230 = -5*b - 105*z. Calculate the highest common factor of 35 and b.
7
Let z = 9052 - 8932. What is the highest common factor of 65 and z?
5
Suppose -o - 649 = 2*k, -1284 = -27*o + 29*o - 3*k. Let z = o - -807. Calculate the greatest common divisor of 378 and z.
54
Suppose 2*b + 16*y - 278 = 18*y, b + 5*y - 169 = 0. Calculate the greatest common factor of 123 and b.
3
Let y be ((-304)/(-684))/(6/26433). What is the highest common factor of 267 and y?
89
Let r be -75*((-1 - 12/(-20)) + (-1 - -1)). Calculate the highest common factor of r and 6165.
15
Let g = -185 + 215. What is the greatest common factor of g and 7200?
30
Let n be 28 - (3/42*8 + (-156)/(-21)). Calculate the highest common divisor of 324 and n.
4
Let r be (-1)/(-1 + 5/4). Suppose 85*m - 3*b - 264 = 83*m, 3*m + 4*b - 413 = 0. Let l be r/(-30) + 4302/m. What is the highest common factor of 32 and l?
32